{"id":587,"date":"2021-09-10T09:40:59","date_gmt":"2021-09-10T07:40:59","guid":{"rendered":"https:\/\/trisko-butik.pl\/?post_type=product&#038;p=587"},"modified":"2021-09-10T09:41:00","modified_gmt":"2021-09-10T07:41:00","slug":"spodnie-z-eko-skory-z-lancuszkiem","status":"publish","type":"product","link":"https:\/\/trisko-butik.pl\/?product=spodnie-z-eko-skory-z-lancuszkiem","title":{"rendered":"SPODNIE Z EKO SK\u00d3RY Z \u0141A\u0143CUSZKIEM"},"content":{"rendered":"<p>Produkt wyprodukowany we W\u0142oszech.<\/p>\n<p><span class=\"name\">Sk\u0142ad:\u00a0<\/span><span class=\"value\">55% wiskoza, 45% poliuretan<\/span><br \/>\n<span class=\"name\">Modelka:\u00a0<\/span><span class=\"value\">ma 172cm wzrostu i nosi rozmiar S<\/span><\/p>\n","protected":false},"excerpt":{"rendered":"<p>Produkt wyprodukowany we W\u0142oszech. Sk\u0142ad:\u00a055% wiskoza, 45% poliuretan Modelka:\u00a0ma 172cm wzrostu i nosi rozmiar S<\/p>\n","protected":false},"featured_media":591,"template":"","meta":[],"product_brand":[],"product_cat":[23,34],"product_tag":[],"class_list":{"0":"post-587","1":"product","2":"type-product","3":"status-publish","4":"has-post-thumbnail","6":"product_cat-nowosci","7":"product_cat-spodnie","8":"pa_kolor-czarny","9":"pa_rozmiar-m","10":"pa_rozmiar-s","12":"first","13":"instock","14":"shipping-taxable","15":"purchasable","16":"product-type-variable"},"yoast_head":"<!-- This site is optimized with the Yoast SEO plugin v24.5 - https:\/\/yoast.com\/wordpress\/plugins\/seo\/ -->\n<title>SPODNIE Z EKO SK\u00d3RY Z \u0141A\u0143CUSZKIEM - Trisko butik<\/title>\n<meta name=\"robots\" content=\"index, follow, max-snippet:-1, max-image-preview:large, max-video-preview:-1\" \/>\n<link rel=\"canonical\" href=\"https:\/\/trisko-butik.pl\/?product=spodnie-z-eko-skory-z-lancuszkiem\" \/>\n<meta property=\"og:locale\" content=\"pl_PL\" \/>\n<meta property=\"og:type\" content=\"article\" \/>\n<meta property=\"og:title\" content=\"SPODNIE Z EKO SK\u00d3RY Z \u0141A\u0143CUSZKIEM - Trisko butik\" \/>\n<meta property=\"og:description\" content=\"Produkt wyprodukowany we W\u0142oszech. Sk\u0142ad:\u00a055% wiskoza, 45% poliuretan Modelka:\u00a0ma 172cm wzrostu i nosi rozmiar S\" \/>\n<meta property=\"og:url\" content=\"https:\/\/trisko-butik.pl\/?product=spodnie-z-eko-skory-z-lancuszkiem\" \/>\n<meta property=\"og:site_name\" content=\"Trisko butik\" \/>\n<meta property=\"article:modified_time\" content=\"2021-09-10T07:41:00+00:00\" \/>\n<meta property=\"og:image\" content=\"https:\/\/trisko-butik.pl\/wp-content\/uploads\/2021\/09\/spodnie-z-eko-skory-z-lancuszkiem-edycja.jpg\" \/>\n\t<meta property=\"og:image:width\" content=\"430\" \/>\n\t<meta property=\"og:image:height\" content=\"503\" \/>\n\t<meta property=\"og:image:type\" content=\"image\/jpeg\" \/>\n<meta name=\"twitter:card\" content=\"summary_large_image\" \/>\n<meta name=\"twitter:label1\" content=\"Szacowany czas czytania\" \/>\n\t<meta name=\"twitter:data1\" content=\"1 minuta\" \/>\n<script type=\"application\/ld+json\" class=\"yoast-schema-graph\">{\"@context\":\"https:\/\/schema.org\",\"@graph\":[{\"@type\":\"WebPage\",\"@id\":\"https:\/\/trisko-butik.pl\/?product=spodnie-z-eko-skory-z-lancuszkiem\",\"url\":\"https:\/\/trisko-butik.pl\/?product=spodnie-z-eko-skory-z-lancuszkiem\",\"name\":\"SPODNIE Z EKO SK\u00d3RY Z \u0141A\u0143CUSZKIEM - Trisko butik\",\"isPartOf\":{\"@id\":\"https:\/\/trisko-butik.pl\/#website\"},\"primaryImageOfPage\":{\"@id\":\"https:\/\/trisko-butik.pl\/?product=spodnie-z-eko-skory-z-lancuszkiem#primaryimage\"},\"image\":{\"@id\":\"https:\/\/trisko-butik.pl\/?product=spodnie-z-eko-skory-z-lancuszkiem#primaryimage\"},\"thumbnailUrl\":\"https:\/\/trisko-butik.pl\/wp-content\/uploads\/2021\/09\/spodnie-z-eko-skory-z-lancuszkiem-edycja.jpg\",\"datePublished\":\"2021-09-10T07:40:59+00:00\",\"dateModified\":\"2021-09-10T07:41:00+00:00\",\"breadcrumb\":{\"@id\":\"https:\/\/trisko-butik.pl\/?product=spodnie-z-eko-skory-z-lancuszkiem#breadcrumb\"},\"inLanguage\":\"pl-PL\",\"potentialAction\":[{\"@type\":\"ReadAction\",\"target\":[\"https:\/\/trisko-butik.pl\/?product=spodnie-z-eko-skory-z-lancuszkiem\"]}]},{\"@type\":\"ImageObject\",\"inLanguage\":\"pl-PL\",\"@id\":\"https:\/\/trisko-butik.pl\/?product=spodnie-z-eko-skory-z-lancuszkiem#primaryimage\",\"url\":\"https:\/\/trisko-butik.pl\/wp-content\/uploads\/2021\/09\/spodnie-z-eko-skory-z-lancuszkiem-edycja.jpg\",\"contentUrl\":\"https:\/\/trisko-butik.pl\/wp-content\/uploads\/2021\/09\/spodnie-z-eko-skory-z-lancuszkiem-edycja.jpg\",\"width\":430,\"height\":503},{\"@type\":\"BreadcrumbList\",\"@id\":\"https:\/\/trisko-butik.pl\/?product=spodnie-z-eko-skory-z-lancuszkiem#breadcrumb\",\"itemListElement\":[{\"@type\":\"ListItem\",\"position\":1,\"name\":\"Sklep\",\"item\":\"https:\/\/trisko-butik.pl\/?page_id=8\"},{\"@type\":\"ListItem\",\"position\":2,\"name\":\"SPODNIE Z EKO SK\u00d3RY Z \u0141A\u0143CUSZKIEM\"}]},{\"@type\":\"WebSite\",\"@id\":\"https:\/\/trisko-butik.pl\/#website\",\"url\":\"https:\/\/trisko-butik.pl\/\",\"name\":\"Trisko butik\",\"description\":\"\",\"publisher\":{\"@id\":\"https:\/\/trisko-butik.pl\/#organization\"},\"potentialAction\":[{\"@type\":\"SearchAction\",\"target\":{\"@type\":\"EntryPoint\",\"urlTemplate\":\"https:\/\/trisko-butik.pl\/?s={search_term_string}\"},\"query-input\":{\"@type\":\"PropertyValueSpecification\",\"valueRequired\":true,\"valueName\":\"search_term_string\"}}],\"inLanguage\":\"pl-PL\"},{\"@type\":\"Organization\",\"@id\":\"https:\/\/trisko-butik.pl\/#organization\",\"name\":\"Trisko butik\",\"url\":\"https:\/\/trisko-butik.pl\/\",\"logo\":{\"@type\":\"ImageObject\",\"inLanguage\":\"pl-PL\",\"@id\":\"https:\/\/trisko-butik.pl\/#\/schema\/logo\/image\/\",\"url\":\"https:\/\/trisko-butik.pl\/wp-content\/uploads\/2021\/07\/Logo-2.png\",\"contentUrl\":\"https:\/\/trisko-butik.pl\/wp-content\/uploads\/2021\/07\/Logo-2.png\",\"width\":328,\"height\":96,\"caption\":\"Trisko butik\"},\"image\":{\"@id\":\"https:\/\/trisko-butik.pl\/#\/schema\/logo\/image\/\"}}]}<\/script>\n<!-- \/ Yoast SEO plugin. -->","yoast_head_json":{"title":"SPODNIE Z EKO SK\u00d3RY Z \u0141A\u0143CUSZKIEM - Trisko butik","robots":{"index":"index","follow":"follow","max-snippet":"max-snippet:-1","max-image-preview":"max-image-preview:large","max-video-preview":"max-video-preview:-1"},"canonical":"https:\/\/trisko-butik.pl\/?product=spodnie-z-eko-skory-z-lancuszkiem","og_locale":"pl_PL","og_type":"article","og_title":"SPODNIE Z EKO SK\u00d3RY Z \u0141A\u0143CUSZKIEM - Trisko butik","og_description":"Produkt wyprodukowany we W\u0142oszech. Sk\u0142ad:\u00a055% wiskoza, 45% poliuretan Modelka:\u00a0ma 172cm wzrostu i nosi rozmiar S","og_url":"https:\/\/trisko-butik.pl\/?product=spodnie-z-eko-skory-z-lancuszkiem","og_site_name":"Trisko butik","article_modified_time":"2021-09-10T07:41:00+00:00","og_image":[{"width":430,"height":503,"url":"https:\/\/trisko-butik.pl\/wp-content\/uploads\/2021\/09\/spodnie-z-eko-skory-z-lancuszkiem-edycja.jpg","type":"image\/jpeg"}],"twitter_card":"summary_large_image","twitter_misc":{"Szacowany czas czytania":"1 minuta"},"schema":{"@context":"https:\/\/schema.org","@graph":[{"@type":"WebPage","@id":"https:\/\/trisko-butik.pl\/?product=spodnie-z-eko-skory-z-lancuszkiem","url":"https:\/\/trisko-butik.pl\/?product=spodnie-z-eko-skory-z-lancuszkiem","name":"SPODNIE Z EKO SK\u00d3RY Z \u0141A\u0143CUSZKIEM - Trisko butik","isPartOf":{"@id":"https:\/\/trisko-butik.pl\/#website"},"primaryImageOfPage":{"@id":"https:\/\/trisko-butik.pl\/?product=spodnie-z-eko-skory-z-lancuszkiem#primaryimage"},"image":{"@id":"https:\/\/trisko-butik.pl\/?product=spodnie-z-eko-skory-z-lancuszkiem#primaryimage"},"thumbnailUrl":"https:\/\/trisko-butik.pl\/wp-content\/uploads\/2021\/09\/spodnie-z-eko-skory-z-lancuszkiem-edycja.jpg","datePublished":"2021-09-10T07:40:59+00:00","dateModified":"2021-09-10T07:41:00+00:00","breadcrumb":{"@id":"https:\/\/trisko-butik.pl\/?product=spodnie-z-eko-skory-z-lancuszkiem#breadcrumb"},"inLanguage":"pl-PL","potentialAction":[{"@type":"ReadAction","target":["https:\/\/trisko-butik.pl\/?product=spodnie-z-eko-skory-z-lancuszkiem"]}]},{"@type":"ImageObject","inLanguage":"pl-PL","@id":"https:\/\/trisko-butik.pl\/?product=spodnie-z-eko-skory-z-lancuszkiem#primaryimage","url":"https:\/\/trisko-butik.pl\/wp-content\/uploads\/2021\/09\/spodnie-z-eko-skory-z-lancuszkiem-edycja.jpg","contentUrl":"https:\/\/trisko-butik.pl\/wp-content\/uploads\/2021\/09\/spodnie-z-eko-skory-z-lancuszkiem-edycja.jpg","width":430,"height":503},{"@type":"BreadcrumbList","@id":"https:\/\/trisko-butik.pl\/?product=spodnie-z-eko-skory-z-lancuszkiem#breadcrumb","itemListElement":[{"@type":"ListItem","position":1,"name":"Sklep","item":"https:\/\/trisko-butik.pl\/?page_id=8"},{"@type":"ListItem","position":2,"name":"SPODNIE Z EKO SK\u00d3RY Z \u0141A\u0143CUSZKIEM"}]},{"@type":"WebSite","@id":"https:\/\/trisko-butik.pl\/#website","url":"https:\/\/trisko-butik.pl\/","name":"Trisko butik","description":"","publisher":{"@id":"https:\/\/trisko-butik.pl\/#organization"},"potentialAction":[{"@type":"SearchAction","target":{"@type":"EntryPoint","urlTemplate":"https:\/\/trisko-butik.pl\/?s={search_term_string}"},"query-input":{"@type":"PropertyValueSpecification","valueRequired":true,"valueName":"search_term_string"}}],"inLanguage":"pl-PL"},{"@type":"Organization","@id":"https:\/\/trisko-butik.pl\/#organization","name":"Trisko butik","url":"https:\/\/trisko-butik.pl\/","logo":{"@type":"ImageObject","inLanguage":"pl-PL","@id":"https:\/\/trisko-butik.pl\/#\/schema\/logo\/image\/","url":"https:\/\/trisko-butik.pl\/wp-content\/uploads\/2021\/07\/Logo-2.png","contentUrl":"https:\/\/trisko-butik.pl\/wp-content\/uploads\/2021\/07\/Logo-2.png","width":328,"height":96,"caption":"Trisko butik"},"image":{"@id":"https:\/\/trisko-butik.pl\/#\/schema\/logo\/image\/"}}]}},"_links":{"self":[{"href":"https:\/\/trisko-butik.pl\/index.php?rest_route=\/wp\/v2\/product\/587","targetHints":{"allow":["GET"]}}],"collection":[{"href":"https:\/\/trisko-butik.pl\/index.php?rest_route=\/wp\/v2\/product"}],"about":[{"href":"https:\/\/trisko-butik.pl\/index.php?rest_route=\/wp\/v2\/types\/product"}],"wp:featuredmedia":[{"embeddable":true,"href":"https:\/\/trisko-butik.pl\/index.php?rest_route=\/wp\/v2\/media\/591"}],"wp:attachment":[{"href":"https:\/\/trisko-butik.pl\/index.php?rest_route=%2Fwp%2Fv2%2Fmedia&parent=587"}],"wp:term":[{"taxonomy":"product_brand","embeddable":true,"href":"https:\/\/trisko-butik.pl\/index.php?rest_route=%2Fwp%2Fv2%2Fproduct_brand&post=587"},{"taxonomy":"product_cat","embeddable":true,"href":"https:\/\/trisko-butik.pl\/index.php?rest_route=%2Fwp%2Fv2%2Fproduct_cat&post=587"},{"taxonomy":"product_tag","embeddable":true,"href":"https:\/\/trisko-butik.pl\/index.php?rest_route=%2Fwp%2Fv2%2Fproduct_tag&post=587"}],"curies":[{"name":"wp","href":"https:\/\/api.w.org\/{rel}","templated":true}]}}