{"id":504,"date":"2021-08-09T21:33:01","date_gmt":"2021-08-09T19:33:01","guid":{"rendered":"https:\/\/trisko-butik.pl\/?post_type=product&#038;p=504"},"modified":"2021-08-31T13:09:20","modified_gmt":"2021-08-31T11:09:20","slug":"sukienka-z-odkrytymi-ramionami-z-motywem-kwiatowym-ecru","status":"publish","type":"product","link":"https:\/\/trisko-butik.pl\/?product=sukienka-z-odkrytymi-ramionami-z-motywem-kwiatowym-ecru","title":{"rendered":"Sukienka z odkrytymi ramionami z motywem kwiatowym ecru"},"content":{"rendered":"<p>Prezentujemy Pa\u0144stwu wygodn\u0105 sukienk\u0119 w kwiaty. Sukienka z gumk\u0105 w pasie. Sukienka hiszpanka z falbankami. Bardzo modny kr\u00f3j. Sukienka wykonana jest z wysokiej jako\u015bci materia\u0142u. Rozmiar jest uniwersalny i b\u0119dzie odpowiedni dla Pa\u0144 nosz\u0105cych rozmiar S, M lub L.<\/p>\n<p>Sk\u0142ad materia\u0142u:<\/p>\n<ul>\n<li>100% Poliester,<\/li>\n<\/ul>\n<p>Wymiary:<\/p>\n<ul>\n<li>Szeroko\u015b\u0107 pod pachami: 43 cm<\/li>\n<li>D\u0142ugo\u015b\u0107 ca\u0142kowita: 73 cm<\/li>\n<li>Szeroko\u015b\u0107 w pasie: 34 cm\/po rozci\u0105gni\u0119ciu: 43cm<\/li>\n<\/ul>\n","protected":false},"excerpt":{"rendered":"<p>Prezentujemy Pa\u0144stwu wygodn\u0105 sukienk\u0119 w kwiaty. Sukienka z gumk\u0105 w pasie. Sukienka hiszpanka z falbankami. Bardzo modny kr\u00f3j. Sukienka wykonana jest z wysokiej jako\u015bci materia\u0142u. Rozmiar jest uniwersalny i b\u0119dzie odpowiedni dla Pa\u0144 nosz\u0105cych rozmiar S, M lub L. Sk\u0142ad materia\u0142u: 100% Poliester, Wymiary: Szeroko\u015b\u0107 pod pachami: 43 cm D\u0142ugo\u015b\u0107 ca\u0142kowita: 73 cm Szeroko\u015b\u0107 w [&hellip;]<\/p>\n","protected":false},"featured_media":505,"template":"","meta":[],"product_brand":[],"product_cat":[33],"product_tag":[],"class_list":{"0":"post-504","1":"product","2":"type-product","3":"status-publish","4":"has-post-thumbnail","6":"product_cat-sukienki","8":"first","9":"instock","10":"shipping-taxable","11":"purchasable","12":"product-type-simple"},"yoast_head":"<!-- This site is optimized with the Yoast SEO plugin v24.5 - https:\/\/yoast.com\/wordpress\/plugins\/seo\/ -->\n<title>Sukienka z odkrytymi ramionami z motywem kwiatowym ecru - Trisko butik<\/title>\n<meta name=\"robots\" content=\"index, follow, max-snippet:-1, max-image-preview:large, max-video-preview:-1\" \/>\n<link rel=\"canonical\" href=\"https:\/\/trisko-butik.pl\/?product=sukienka-z-odkrytymi-ramionami-z-motywem-kwiatowym-ecru\" \/>\n<meta property=\"og:locale\" content=\"pl_PL\" \/>\n<meta property=\"og:type\" content=\"article\" \/>\n<meta property=\"og:title\" content=\"Sukienka z odkrytymi ramionami z motywem kwiatowym ecru - Trisko butik\" \/>\n<meta property=\"og:description\" content=\"Prezentujemy Pa\u0144stwu wygodn\u0105 sukienk\u0119 w kwiaty. Sukienka z gumk\u0105 w pasie. Sukienka hiszpanka z falbankami. Bardzo modny kr\u00f3j. Sukienka wykonana jest z wysokiej jako\u015bci materia\u0142u. Rozmiar jest uniwersalny i b\u0119dzie odpowiedni dla Pa\u0144 nosz\u0105cych rozmiar S, M lub L. Sk\u0142ad materia\u0142u: 100% Poliester, Wymiary: Szeroko\u015b\u0107 pod pachami: 43 cm D\u0142ugo\u015b\u0107 ca\u0142kowita: 73 cm Szeroko\u015b\u0107 w [&hellip;]\" \/>\n<meta property=\"og:url\" content=\"https:\/\/trisko-butik.pl\/?product=sukienka-z-odkrytymi-ramionami-z-motywem-kwiatowym-ecru\" \/>\n<meta property=\"og:site_name\" content=\"Trisko butik\" \/>\n<meta property=\"article:modified_time\" content=\"2021-08-31T11:09:20+00:00\" \/>\n<meta property=\"og:image\" content=\"https:\/\/trisko-butik.pl\/wp-content\/uploads\/2021\/08\/pol_pl_Sukienka-z-odkrytymi-ramionami-z-motywem-kwiatowym-ecru-20137_7-1.jpg\" \/>\n\t<meta property=\"og:image:width\" content=\"800\" \/>\n\t<meta property=\"og:image:height\" content=\"1200\" \/>\n\t<meta property=\"og:image:type\" content=\"image\/jpeg\" \/>\n<meta name=\"twitter:card\" content=\"summary_large_image\" \/>\n<meta name=\"twitter:label1\" content=\"Szacowany czas czytania\" \/>\n\t<meta name=\"twitter:data1\" content=\"1 minuta\" \/>\n<script type=\"application\/ld+json\" class=\"yoast-schema-graph\">{\"@context\":\"https:\/\/schema.org\",\"@graph\":[{\"@type\":\"WebPage\",\"@id\":\"https:\/\/trisko-butik.pl\/?product=sukienka-z-odkrytymi-ramionami-z-motywem-kwiatowym-ecru\",\"url\":\"https:\/\/trisko-butik.pl\/?product=sukienka-z-odkrytymi-ramionami-z-motywem-kwiatowym-ecru\",\"name\":\"Sukienka z odkrytymi ramionami z motywem kwiatowym ecru - Trisko butik\",\"isPartOf\":{\"@id\":\"https:\/\/trisko-butik.pl\/#website\"},\"primaryImageOfPage\":{\"@id\":\"https:\/\/trisko-butik.pl\/?product=sukienka-z-odkrytymi-ramionami-z-motywem-kwiatowym-ecru#primaryimage\"},\"image\":{\"@id\":\"https:\/\/trisko-butik.pl\/?product=sukienka-z-odkrytymi-ramionami-z-motywem-kwiatowym-ecru#primaryimage\"},\"thumbnailUrl\":\"https:\/\/trisko-butik.pl\/wp-content\/uploads\/2021\/08\/pol_pl_Sukienka-z-odkrytymi-ramionami-z-motywem-kwiatowym-ecru-20137_7-1.jpg\",\"datePublished\":\"2021-08-09T19:33:01+00:00\",\"dateModified\":\"2021-08-31T11:09:20+00:00\",\"breadcrumb\":{\"@id\":\"https:\/\/trisko-butik.pl\/?product=sukienka-z-odkrytymi-ramionami-z-motywem-kwiatowym-ecru#breadcrumb\"},\"inLanguage\":\"pl-PL\",\"potentialAction\":[{\"@type\":\"ReadAction\",\"target\":[\"https:\/\/trisko-butik.pl\/?product=sukienka-z-odkrytymi-ramionami-z-motywem-kwiatowym-ecru\"]}]},{\"@type\":\"ImageObject\",\"inLanguage\":\"pl-PL\",\"@id\":\"https:\/\/trisko-butik.pl\/?product=sukienka-z-odkrytymi-ramionami-z-motywem-kwiatowym-ecru#primaryimage\",\"url\":\"https:\/\/trisko-butik.pl\/wp-content\/uploads\/2021\/08\/pol_pl_Sukienka-z-odkrytymi-ramionami-z-motywem-kwiatowym-ecru-20137_7-1.jpg\",\"contentUrl\":\"https:\/\/trisko-butik.pl\/wp-content\/uploads\/2021\/08\/pol_pl_Sukienka-z-odkrytymi-ramionami-z-motywem-kwiatowym-ecru-20137_7-1.jpg\",\"width\":800,\"height\":1200},{\"@type\":\"BreadcrumbList\",\"@id\":\"https:\/\/trisko-butik.pl\/?product=sukienka-z-odkrytymi-ramionami-z-motywem-kwiatowym-ecru#breadcrumb\",\"itemListElement\":[{\"@type\":\"ListItem\",\"position\":1,\"name\":\"Sklep\",\"item\":\"https:\/\/trisko-butik.pl\/?page_id=8\"},{\"@type\":\"ListItem\",\"position\":2,\"name\":\"Sukienka z odkrytymi ramionami z motywem kwiatowym ecru\"}]},{\"@type\":\"WebSite\",\"@id\":\"https:\/\/trisko-butik.pl\/#website\",\"url\":\"https:\/\/trisko-butik.pl\/\",\"name\":\"Trisko butik\",\"description\":\"\",\"publisher\":{\"@id\":\"https:\/\/trisko-butik.pl\/#organization\"},\"potentialAction\":[{\"@type\":\"SearchAction\",\"target\":{\"@type\":\"EntryPoint\",\"urlTemplate\":\"https:\/\/trisko-butik.pl\/?s={search_term_string}\"},\"query-input\":{\"@type\":\"PropertyValueSpecification\",\"valueRequired\":true,\"valueName\":\"search_term_string\"}}],\"inLanguage\":\"pl-PL\"},{\"@type\":\"Organization\",\"@id\":\"https:\/\/trisko-butik.pl\/#organization\",\"name\":\"Trisko butik\",\"url\":\"https:\/\/trisko-butik.pl\/\",\"logo\":{\"@type\":\"ImageObject\",\"inLanguage\":\"pl-PL\",\"@id\":\"https:\/\/trisko-butik.pl\/#\/schema\/logo\/image\/\",\"url\":\"https:\/\/trisko-butik.pl\/wp-content\/uploads\/2021\/07\/Logo-2.png\",\"contentUrl\":\"https:\/\/trisko-butik.pl\/wp-content\/uploads\/2021\/07\/Logo-2.png\",\"width\":328,\"height\":96,\"caption\":\"Trisko butik\"},\"image\":{\"@id\":\"https:\/\/trisko-butik.pl\/#\/schema\/logo\/image\/\"}}]}<\/script>\n<!-- \/ Yoast SEO plugin. -->","yoast_head_json":{"title":"Sukienka z odkrytymi ramionami z motywem kwiatowym ecru - Trisko butik","robots":{"index":"index","follow":"follow","max-snippet":"max-snippet:-1","max-image-preview":"max-image-preview:large","max-video-preview":"max-video-preview:-1"},"canonical":"https:\/\/trisko-butik.pl\/?product=sukienka-z-odkrytymi-ramionami-z-motywem-kwiatowym-ecru","og_locale":"pl_PL","og_type":"article","og_title":"Sukienka z odkrytymi ramionami z motywem kwiatowym ecru - Trisko butik","og_description":"Prezentujemy Pa\u0144stwu wygodn\u0105 sukienk\u0119 w kwiaty. Sukienka z gumk\u0105 w pasie. Sukienka hiszpanka z falbankami. Bardzo modny kr\u00f3j. Sukienka wykonana jest z wysokiej jako\u015bci materia\u0142u. Rozmiar jest uniwersalny i b\u0119dzie odpowiedni dla Pa\u0144 nosz\u0105cych rozmiar S, M lub L. Sk\u0142ad materia\u0142u: 100% Poliester, Wymiary: Szeroko\u015b\u0107 pod pachami: 43 cm D\u0142ugo\u015b\u0107 ca\u0142kowita: 73 cm Szeroko\u015b\u0107 w [&hellip;]","og_url":"https:\/\/trisko-butik.pl\/?product=sukienka-z-odkrytymi-ramionami-z-motywem-kwiatowym-ecru","og_site_name":"Trisko butik","article_modified_time":"2021-08-31T11:09:20+00:00","og_image":[{"width":800,"height":1200,"url":"https:\/\/trisko-butik.pl\/wp-content\/uploads\/2021\/08\/pol_pl_Sukienka-z-odkrytymi-ramionami-z-motywem-kwiatowym-ecru-20137_7-1.jpg","type":"image\/jpeg"}],"twitter_card":"summary_large_image","twitter_misc":{"Szacowany czas czytania":"1 minuta"},"schema":{"@context":"https:\/\/schema.org","@graph":[{"@type":"WebPage","@id":"https:\/\/trisko-butik.pl\/?product=sukienka-z-odkrytymi-ramionami-z-motywem-kwiatowym-ecru","url":"https:\/\/trisko-butik.pl\/?product=sukienka-z-odkrytymi-ramionami-z-motywem-kwiatowym-ecru","name":"Sukienka z odkrytymi ramionami z motywem kwiatowym ecru - Trisko butik","isPartOf":{"@id":"https:\/\/trisko-butik.pl\/#website"},"primaryImageOfPage":{"@id":"https:\/\/trisko-butik.pl\/?product=sukienka-z-odkrytymi-ramionami-z-motywem-kwiatowym-ecru#primaryimage"},"image":{"@id":"https:\/\/trisko-butik.pl\/?product=sukienka-z-odkrytymi-ramionami-z-motywem-kwiatowym-ecru#primaryimage"},"thumbnailUrl":"https:\/\/trisko-butik.pl\/wp-content\/uploads\/2021\/08\/pol_pl_Sukienka-z-odkrytymi-ramionami-z-motywem-kwiatowym-ecru-20137_7-1.jpg","datePublished":"2021-08-09T19:33:01+00:00","dateModified":"2021-08-31T11:09:20+00:00","breadcrumb":{"@id":"https:\/\/trisko-butik.pl\/?product=sukienka-z-odkrytymi-ramionami-z-motywem-kwiatowym-ecru#breadcrumb"},"inLanguage":"pl-PL","potentialAction":[{"@type":"ReadAction","target":["https:\/\/trisko-butik.pl\/?product=sukienka-z-odkrytymi-ramionami-z-motywem-kwiatowym-ecru"]}]},{"@type":"ImageObject","inLanguage":"pl-PL","@id":"https:\/\/trisko-butik.pl\/?product=sukienka-z-odkrytymi-ramionami-z-motywem-kwiatowym-ecru#primaryimage","url":"https:\/\/trisko-butik.pl\/wp-content\/uploads\/2021\/08\/pol_pl_Sukienka-z-odkrytymi-ramionami-z-motywem-kwiatowym-ecru-20137_7-1.jpg","contentUrl":"https:\/\/trisko-butik.pl\/wp-content\/uploads\/2021\/08\/pol_pl_Sukienka-z-odkrytymi-ramionami-z-motywem-kwiatowym-ecru-20137_7-1.jpg","width":800,"height":1200},{"@type":"BreadcrumbList","@id":"https:\/\/trisko-butik.pl\/?product=sukienka-z-odkrytymi-ramionami-z-motywem-kwiatowym-ecru#breadcrumb","itemListElement":[{"@type":"ListItem","position":1,"name":"Sklep","item":"https:\/\/trisko-butik.pl\/?page_id=8"},{"@type":"ListItem","position":2,"name":"Sukienka z odkrytymi ramionami z motywem kwiatowym ecru"}]},{"@type":"WebSite","@id":"https:\/\/trisko-butik.pl\/#website","url":"https:\/\/trisko-butik.pl\/","name":"Trisko butik","description":"","publisher":{"@id":"https:\/\/trisko-butik.pl\/#organization"},"potentialAction":[{"@type":"SearchAction","target":{"@type":"EntryPoint","urlTemplate":"https:\/\/trisko-butik.pl\/?s={search_term_string}"},"query-input":{"@type":"PropertyValueSpecification","valueRequired":true,"valueName":"search_term_string"}}],"inLanguage":"pl-PL"},{"@type":"Organization","@id":"https:\/\/trisko-butik.pl\/#organization","name":"Trisko butik","url":"https:\/\/trisko-butik.pl\/","logo":{"@type":"ImageObject","inLanguage":"pl-PL","@id":"https:\/\/trisko-butik.pl\/#\/schema\/logo\/image\/","url":"https:\/\/trisko-butik.pl\/wp-content\/uploads\/2021\/07\/Logo-2.png","contentUrl":"https:\/\/trisko-butik.pl\/wp-content\/uploads\/2021\/07\/Logo-2.png","width":328,"height":96,"caption":"Trisko butik"},"image":{"@id":"https:\/\/trisko-butik.pl\/#\/schema\/logo\/image\/"}}]}},"_links":{"self":[{"href":"https:\/\/trisko-butik.pl\/index.php?rest_route=\/wp\/v2\/product\/504","targetHints":{"allow":["GET"]}}],"collection":[{"href":"https:\/\/trisko-butik.pl\/index.php?rest_route=\/wp\/v2\/product"}],"about":[{"href":"https:\/\/trisko-butik.pl\/index.php?rest_route=\/wp\/v2\/types\/product"}],"wp:featuredmedia":[{"embeddable":true,"href":"https:\/\/trisko-butik.pl\/index.php?rest_route=\/wp\/v2\/media\/505"}],"wp:attachment":[{"href":"https:\/\/trisko-butik.pl\/index.php?rest_route=%2Fwp%2Fv2%2Fmedia&parent=504"}],"wp:term":[{"taxonomy":"product_brand","embeddable":true,"href":"https:\/\/trisko-butik.pl\/index.php?rest_route=%2Fwp%2Fv2%2Fproduct_brand&post=504"},{"taxonomy":"product_cat","embeddable":true,"href":"https:\/\/trisko-butik.pl\/index.php?rest_route=%2Fwp%2Fv2%2Fproduct_cat&post=504"},{"taxonomy":"product_tag","embeddable":true,"href":"https:\/\/trisko-butik.pl\/index.php?rest_route=%2Fwp%2Fv2%2Fproduct_tag&post=504"}],"curies":[{"name":"wp","href":"https:\/\/api.w.org\/{rel}","templated":true}]}}