{"id":394,"date":"2021-08-09T18:26:18","date_gmt":"2021-08-09T16:26:18","guid":{"rendered":"https:\/\/trisko-butik.pl\/?post_type=product&#038;p=394"},"modified":"2021-08-09T18:26:18","modified_gmt":"2021-08-09T16:26:18","slug":"bluzka-z-napisami-musztardowa-l-xl","status":"publish","type":"product","link":"https:\/\/trisko-butik.pl\/?product=bluzka-z-napisami-musztardowa-l-xl","title":{"rendered":"Bluzka z napisami musztardowa L\/XL"},"content":{"rendered":"<p>Prezentujemy Pa\u0144stwu modn\u0105 bluzk\u0119. Bluzka z nadrukiem r\u00f3\u017cnych s\u0142\u00f3w. Idealna na co dzie\u0144 i do pracy. Bluzka wykonana jest z wysokiej jako\u015bci materia\u0142u. Bluzka dost\u0119pna w dw\u00f3ch rozmiarach S\/M lub L\/XL.<\/p>\n<p>Sk\u0142ad materia\u0142u:<\/p>\n<ul>\n<li>90% Bawe\u0142na,<\/li>\n<li>10% Elastan<\/li>\n<\/ul>\n<p>Wymiary w tabeli podane s\u0105 w centymetrach:<\/p>\n<p>Modelka prezentuje rozmiar S\/M<\/p>\n<table border=\"#000000\" width=\"365\">\n<tbody>\n<tr>\n<td><\/td>\n<td><strong>S\/M<\/strong><\/td>\n<td><strong>L\/XL<\/strong><\/td>\n<\/tr>\n<tr>\n<td>Szeroko\u015b\u0107 pod pachami<\/td>\n<td>55<\/td>\n<td>60<\/td>\n<\/tr>\n<tr>\n<td>D\u0142ugo\u015b\u0107 r\u0119kawa od pachy\/od ramienia<\/td>\n<td>29\/42<\/td>\n<td>29\/42<\/td>\n<\/tr>\n<tr>\n<td>D\u0142ugo\u015b\u0107 ca\u0142kowita<\/td>\n<td>63<\/td>\n<td>65<\/td>\n<\/tr>\n<\/tbody>\n<\/table>\n","protected":false},"excerpt":{"rendered":"<p>Prezentujemy Pa\u0144stwu modn\u0105 bluzk\u0119. Bluzka z nadrukiem r\u00f3\u017cnych s\u0142\u00f3w. Idealna na co dzie\u0144 i do pracy. Bluzka wykonana jest z wysokiej jako\u015bci materia\u0142u. Bluzka dost\u0119pna w dw\u00f3ch rozmiarach S\/M lub L\/XL. Sk\u0142ad materia\u0142u: 90% Bawe\u0142na, 10% Elastan Wymiary w tabeli podane s\u0105 w centymetrach: Modelka prezentuje rozmiar S\/M S\/M L\/XL Szeroko\u015b\u0107 pod pachami 55 60 [&hellip;]<\/p>\n","protected":false},"featured_media":395,"template":"","meta":[],"product_brand":[],"product_cat":[22,32],"product_tag":[],"class_list":{"0":"post-394","1":"product","2":"type-product","3":"status-publish","4":"has-post-thumbnail","6":"product_cat-wyprzedaz","7":"product_cat-bluzki","8":"pa_rozmiar-l-xl","10":"first","11":"instock","12":"sale","13":"shipping-taxable","14":"purchasable","15":"product-type-simple"},"yoast_head":"<!-- This site is optimized with the Yoast SEO plugin v24.5 - https:\/\/yoast.com\/wordpress\/plugins\/seo\/ -->\n<title>Bluzka z napisami musztardowa L\/XL - Trisko butik<\/title>\n<meta name=\"robots\" content=\"index, follow, max-snippet:-1, max-image-preview:large, max-video-preview:-1\" \/>\n<link rel=\"canonical\" href=\"https:\/\/trisko-butik.pl\/?product=bluzka-z-napisami-musztardowa-l-xl\" \/>\n<meta property=\"og:locale\" content=\"pl_PL\" \/>\n<meta property=\"og:type\" content=\"article\" \/>\n<meta property=\"og:title\" content=\"Bluzka z napisami musztardowa L\/XL - Trisko butik\" \/>\n<meta property=\"og:description\" content=\"Prezentujemy Pa\u0144stwu modn\u0105 bluzk\u0119. Bluzka z nadrukiem r\u00f3\u017cnych s\u0142\u00f3w. Idealna na co dzie\u0144 i do pracy. Bluzka wykonana jest z wysokiej jako\u015bci materia\u0142u. Bluzka dost\u0119pna w dw\u00f3ch rozmiarach S\/M lub L\/XL. Sk\u0142ad materia\u0142u: 90% Bawe\u0142na, 10% Elastan Wymiary w tabeli podane s\u0105 w centymetrach: Modelka prezentuje rozmiar S\/M S\/M L\/XL Szeroko\u015b\u0107 pod pachami 55 60 [&hellip;]\" \/>\n<meta property=\"og:url\" content=\"https:\/\/trisko-butik.pl\/?product=bluzka-z-napisami-musztardowa-l-xl\" \/>\n<meta property=\"og:site_name\" content=\"Trisko butik\" \/>\n<meta property=\"og:image\" content=\"https:\/\/trisko-butik.pl\/wp-content\/uploads\/2021\/08\/pol_pl_Bluzka-z-napisami-musztardowa-S-M-L-XL-16531_1.jpg\" \/>\n\t<meta property=\"og:image:width\" content=\"800\" \/>\n\t<meta property=\"og:image:height\" content=\"1200\" \/>\n\t<meta property=\"og:image:type\" content=\"image\/jpeg\" \/>\n<meta name=\"twitter:card\" content=\"summary_large_image\" \/>\n<meta name=\"twitter:label1\" content=\"Szacowany czas czytania\" \/>\n\t<meta name=\"twitter:data1\" content=\"1 minuta\" \/>\n<script type=\"application\/ld+json\" class=\"yoast-schema-graph\">{\"@context\":\"https:\/\/schema.org\",\"@graph\":[{\"@type\":\"WebPage\",\"@id\":\"https:\/\/trisko-butik.pl\/?product=bluzka-z-napisami-musztardowa-l-xl\",\"url\":\"https:\/\/trisko-butik.pl\/?product=bluzka-z-napisami-musztardowa-l-xl\",\"name\":\"Bluzka z napisami musztardowa L\/XL - Trisko butik\",\"isPartOf\":{\"@id\":\"https:\/\/trisko-butik.pl\/#website\"},\"primaryImageOfPage\":{\"@id\":\"https:\/\/trisko-butik.pl\/?product=bluzka-z-napisami-musztardowa-l-xl#primaryimage\"},\"image\":{\"@id\":\"https:\/\/trisko-butik.pl\/?product=bluzka-z-napisami-musztardowa-l-xl#primaryimage\"},\"thumbnailUrl\":\"https:\/\/trisko-butik.pl\/wp-content\/uploads\/2021\/08\/pol_pl_Bluzka-z-napisami-musztardowa-S-M-L-XL-16531_1.jpg\",\"datePublished\":\"2021-08-09T16:26:18+00:00\",\"breadcrumb\":{\"@id\":\"https:\/\/trisko-butik.pl\/?product=bluzka-z-napisami-musztardowa-l-xl#breadcrumb\"},\"inLanguage\":\"pl-PL\",\"potentialAction\":[{\"@type\":\"ReadAction\",\"target\":[\"https:\/\/trisko-butik.pl\/?product=bluzka-z-napisami-musztardowa-l-xl\"]}]},{\"@type\":\"ImageObject\",\"inLanguage\":\"pl-PL\",\"@id\":\"https:\/\/trisko-butik.pl\/?product=bluzka-z-napisami-musztardowa-l-xl#primaryimage\",\"url\":\"https:\/\/trisko-butik.pl\/wp-content\/uploads\/2021\/08\/pol_pl_Bluzka-z-napisami-musztardowa-S-M-L-XL-16531_1.jpg\",\"contentUrl\":\"https:\/\/trisko-butik.pl\/wp-content\/uploads\/2021\/08\/pol_pl_Bluzka-z-napisami-musztardowa-S-M-L-XL-16531_1.jpg\",\"width\":800,\"height\":1200},{\"@type\":\"BreadcrumbList\",\"@id\":\"https:\/\/trisko-butik.pl\/?product=bluzka-z-napisami-musztardowa-l-xl#breadcrumb\",\"itemListElement\":[{\"@type\":\"ListItem\",\"position\":1,\"name\":\"Sklep\",\"item\":\"https:\/\/trisko-butik.pl\/?page_id=8\"},{\"@type\":\"ListItem\",\"position\":2,\"name\":\"Bluzka z napisami musztardowa L\/XL\"}]},{\"@type\":\"WebSite\",\"@id\":\"https:\/\/trisko-butik.pl\/#website\",\"url\":\"https:\/\/trisko-butik.pl\/\",\"name\":\"Trisko butik\",\"description\":\"\",\"publisher\":{\"@id\":\"https:\/\/trisko-butik.pl\/#organization\"},\"potentialAction\":[{\"@type\":\"SearchAction\",\"target\":{\"@type\":\"EntryPoint\",\"urlTemplate\":\"https:\/\/trisko-butik.pl\/?s={search_term_string}\"},\"query-input\":{\"@type\":\"PropertyValueSpecification\",\"valueRequired\":true,\"valueName\":\"search_term_string\"}}],\"inLanguage\":\"pl-PL\"},{\"@type\":\"Organization\",\"@id\":\"https:\/\/trisko-butik.pl\/#organization\",\"name\":\"Trisko butik\",\"url\":\"https:\/\/trisko-butik.pl\/\",\"logo\":{\"@type\":\"ImageObject\",\"inLanguage\":\"pl-PL\",\"@id\":\"https:\/\/trisko-butik.pl\/#\/schema\/logo\/image\/\",\"url\":\"https:\/\/trisko-butik.pl\/wp-content\/uploads\/2021\/07\/Logo-2.png\",\"contentUrl\":\"https:\/\/trisko-butik.pl\/wp-content\/uploads\/2021\/07\/Logo-2.png\",\"width\":328,\"height\":96,\"caption\":\"Trisko butik\"},\"image\":{\"@id\":\"https:\/\/trisko-butik.pl\/#\/schema\/logo\/image\/\"}}]}<\/script>\n<!-- \/ Yoast SEO plugin. -->","yoast_head_json":{"title":"Bluzka z napisami musztardowa L\/XL - Trisko butik","robots":{"index":"index","follow":"follow","max-snippet":"max-snippet:-1","max-image-preview":"max-image-preview:large","max-video-preview":"max-video-preview:-1"},"canonical":"https:\/\/trisko-butik.pl\/?product=bluzka-z-napisami-musztardowa-l-xl","og_locale":"pl_PL","og_type":"article","og_title":"Bluzka z napisami musztardowa L\/XL - Trisko butik","og_description":"Prezentujemy Pa\u0144stwu modn\u0105 bluzk\u0119. Bluzka z nadrukiem r\u00f3\u017cnych s\u0142\u00f3w. Idealna na co dzie\u0144 i do pracy. Bluzka wykonana jest z wysokiej jako\u015bci materia\u0142u. Bluzka dost\u0119pna w dw\u00f3ch rozmiarach S\/M lub L\/XL. Sk\u0142ad materia\u0142u: 90% Bawe\u0142na, 10% Elastan Wymiary w tabeli podane s\u0105 w centymetrach: Modelka prezentuje rozmiar S\/M S\/M L\/XL Szeroko\u015b\u0107 pod pachami 55 60 [&hellip;]","og_url":"https:\/\/trisko-butik.pl\/?product=bluzka-z-napisami-musztardowa-l-xl","og_site_name":"Trisko butik","og_image":[{"width":800,"height":1200,"url":"https:\/\/trisko-butik.pl\/wp-content\/uploads\/2021\/08\/pol_pl_Bluzka-z-napisami-musztardowa-S-M-L-XL-16531_1.jpg","type":"image\/jpeg"}],"twitter_card":"summary_large_image","twitter_misc":{"Szacowany czas czytania":"1 minuta"},"schema":{"@context":"https:\/\/schema.org","@graph":[{"@type":"WebPage","@id":"https:\/\/trisko-butik.pl\/?product=bluzka-z-napisami-musztardowa-l-xl","url":"https:\/\/trisko-butik.pl\/?product=bluzka-z-napisami-musztardowa-l-xl","name":"Bluzka z napisami musztardowa L\/XL - Trisko butik","isPartOf":{"@id":"https:\/\/trisko-butik.pl\/#website"},"primaryImageOfPage":{"@id":"https:\/\/trisko-butik.pl\/?product=bluzka-z-napisami-musztardowa-l-xl#primaryimage"},"image":{"@id":"https:\/\/trisko-butik.pl\/?product=bluzka-z-napisami-musztardowa-l-xl#primaryimage"},"thumbnailUrl":"https:\/\/trisko-butik.pl\/wp-content\/uploads\/2021\/08\/pol_pl_Bluzka-z-napisami-musztardowa-S-M-L-XL-16531_1.jpg","datePublished":"2021-08-09T16:26:18+00:00","breadcrumb":{"@id":"https:\/\/trisko-butik.pl\/?product=bluzka-z-napisami-musztardowa-l-xl#breadcrumb"},"inLanguage":"pl-PL","potentialAction":[{"@type":"ReadAction","target":["https:\/\/trisko-butik.pl\/?product=bluzka-z-napisami-musztardowa-l-xl"]}]},{"@type":"ImageObject","inLanguage":"pl-PL","@id":"https:\/\/trisko-butik.pl\/?product=bluzka-z-napisami-musztardowa-l-xl#primaryimage","url":"https:\/\/trisko-butik.pl\/wp-content\/uploads\/2021\/08\/pol_pl_Bluzka-z-napisami-musztardowa-S-M-L-XL-16531_1.jpg","contentUrl":"https:\/\/trisko-butik.pl\/wp-content\/uploads\/2021\/08\/pol_pl_Bluzka-z-napisami-musztardowa-S-M-L-XL-16531_1.jpg","width":800,"height":1200},{"@type":"BreadcrumbList","@id":"https:\/\/trisko-butik.pl\/?product=bluzka-z-napisami-musztardowa-l-xl#breadcrumb","itemListElement":[{"@type":"ListItem","position":1,"name":"Sklep","item":"https:\/\/trisko-butik.pl\/?page_id=8"},{"@type":"ListItem","position":2,"name":"Bluzka z napisami musztardowa L\/XL"}]},{"@type":"WebSite","@id":"https:\/\/trisko-butik.pl\/#website","url":"https:\/\/trisko-butik.pl\/","name":"Trisko butik","description":"","publisher":{"@id":"https:\/\/trisko-butik.pl\/#organization"},"potentialAction":[{"@type":"SearchAction","target":{"@type":"EntryPoint","urlTemplate":"https:\/\/trisko-butik.pl\/?s={search_term_string}"},"query-input":{"@type":"PropertyValueSpecification","valueRequired":true,"valueName":"search_term_string"}}],"inLanguage":"pl-PL"},{"@type":"Organization","@id":"https:\/\/trisko-butik.pl\/#organization","name":"Trisko butik","url":"https:\/\/trisko-butik.pl\/","logo":{"@type":"ImageObject","inLanguage":"pl-PL","@id":"https:\/\/trisko-butik.pl\/#\/schema\/logo\/image\/","url":"https:\/\/trisko-butik.pl\/wp-content\/uploads\/2021\/07\/Logo-2.png","contentUrl":"https:\/\/trisko-butik.pl\/wp-content\/uploads\/2021\/07\/Logo-2.png","width":328,"height":96,"caption":"Trisko butik"},"image":{"@id":"https:\/\/trisko-butik.pl\/#\/schema\/logo\/image\/"}}]}},"_links":{"self":[{"href":"https:\/\/trisko-butik.pl\/index.php?rest_route=\/wp\/v2\/product\/394","targetHints":{"allow":["GET"]}}],"collection":[{"href":"https:\/\/trisko-butik.pl\/index.php?rest_route=\/wp\/v2\/product"}],"about":[{"href":"https:\/\/trisko-butik.pl\/index.php?rest_route=\/wp\/v2\/types\/product"}],"wp:featuredmedia":[{"embeddable":true,"href":"https:\/\/trisko-butik.pl\/index.php?rest_route=\/wp\/v2\/media\/395"}],"wp:attachment":[{"href":"https:\/\/trisko-butik.pl\/index.php?rest_route=%2Fwp%2Fv2%2Fmedia&parent=394"}],"wp:term":[{"taxonomy":"product_brand","embeddable":true,"href":"https:\/\/trisko-butik.pl\/index.php?rest_route=%2Fwp%2Fv2%2Fproduct_brand&post=394"},{"taxonomy":"product_cat","embeddable":true,"href":"https:\/\/trisko-butik.pl\/index.php?rest_route=%2Fwp%2Fv2%2Fproduct_cat&post=394"},{"taxonomy":"product_tag","embeddable":true,"href":"https:\/\/trisko-butik.pl\/index.php?rest_route=%2Fwp%2Fv2%2Fproduct_tag&post=394"}],"curies":[{"name":"wp","href":"https:\/\/api.w.org\/{rel}","templated":true}]}}