{"id":385,"date":"2021-08-09T18:18:01","date_gmt":"2021-08-09T16:18:01","guid":{"rendered":"https:\/\/trisko-butik.pl\/?post_type=product&#038;p=385"},"modified":"2021-08-09T18:18:01","modified_gmt":"2021-08-09T16:18:01","slug":"sweter-z-ozdobnymi-kieszeniami-pudrowy-roz","status":"publish","type":"product","link":"https:\/\/trisko-butik.pl\/?product=sweter-z-ozdobnymi-kieszeniami-pudrowy-roz","title":{"rendered":"Sweter z ozdobnymi kieszeniami pudrowy r\u00f3\u017c"},"content":{"rendered":"<p>Prezentujemy Pa\u0144stwu\u00a0modny sweter. Sweter posiada dwie kieszenie z przodu. Sweter\u00a0zak\u0142adany przez g\u0142ow\u0119. Klasyczny kr\u00f3j idealny do ka\u017cdej stylizacji na zim\u0119. Ciep\u0142y mi\u0142y w dotyku. Sweter wykonany jest z wysokiej jako\u015bci materia\u0142u. Rozmiar jest uniwersalny i b\u0119dzie odpowiedni dla Pa\u0144 w rozmiarze M, L, XL.<\/p>\n<p>Sk\u0142ad materia\u0142u:<\/p>\n<ul>\n<li>70% We\u0142na,<\/li>\n<li>30% Akryl<\/li>\n<\/ul>\n<p>Wymiary:<\/p>\n<ul>\n<li>Szeroko\u015b\u0107 pod pachami: 48 cm<\/li>\n<li>D\u0142ugo\u015b\u0107 r\u0119kawa od pachy:49 cm<\/li>\n<li>D\u0142ugo\u015b\u0107 ca\u0142kowita: 59 cm<\/li>\n<li>Waga: 300 g<\/li>\n<\/ul>\n","protected":false},"excerpt":{"rendered":"<p>Prezentujemy Pa\u0144stwu\u00a0modny sweter. Sweter posiada dwie kieszenie z przodu. Sweter\u00a0zak\u0142adany przez g\u0142ow\u0119. Klasyczny kr\u00f3j idealny do ka\u017cdej stylizacji na zim\u0119. Ciep\u0142y mi\u0142y w dotyku. Sweter wykonany jest z wysokiej jako\u015bci materia\u0142u. Rozmiar jest uniwersalny i b\u0119dzie odpowiedni dla Pa\u0144 w rozmiarze M, L, XL. Sk\u0142ad materia\u0142u: 70% We\u0142na, 30% Akryl Wymiary: Szeroko\u015b\u0107 pod pachami: 48 [&hellip;]<\/p>\n","protected":false},"featured_media":386,"template":"","meta":[],"product_brand":[],"product_cat":[22,38],"product_tag":[],"class_list":{"0":"post-385","1":"product","2":"type-product","3":"status-publish","4":"has-post-thumbnail","6":"product_cat-wyprzedaz","7":"product_cat-swetry","8":"pa_rozmiar-uniwersalny","10":"first","11":"instock","12":"sale","13":"shipping-taxable","14":"purchasable","15":"product-type-simple"},"yoast_head":"<!-- This site is optimized with the Yoast SEO plugin v24.5 - https:\/\/yoast.com\/wordpress\/plugins\/seo\/ -->\n<title>Sweter z ozdobnymi kieszeniami pudrowy r\u00f3\u017c - Trisko butik<\/title>\n<meta name=\"robots\" content=\"index, follow, max-snippet:-1, max-image-preview:large, max-video-preview:-1\" \/>\n<link rel=\"canonical\" href=\"https:\/\/trisko-butik.pl\/?product=sweter-z-ozdobnymi-kieszeniami-pudrowy-roz\" \/>\n<meta property=\"og:locale\" content=\"pl_PL\" \/>\n<meta property=\"og:type\" content=\"article\" \/>\n<meta property=\"og:title\" content=\"Sweter z ozdobnymi kieszeniami pudrowy r\u00f3\u017c - Trisko butik\" \/>\n<meta property=\"og:description\" content=\"Prezentujemy Pa\u0144stwu\u00a0modny sweter. Sweter posiada dwie kieszenie z przodu. Sweter\u00a0zak\u0142adany przez g\u0142ow\u0119. Klasyczny kr\u00f3j idealny do ka\u017cdej stylizacji na zim\u0119. Ciep\u0142y mi\u0142y w dotyku. Sweter wykonany jest z wysokiej jako\u015bci materia\u0142u. Rozmiar jest uniwersalny i b\u0119dzie odpowiedni dla Pa\u0144 w rozmiarze M, L, XL. Sk\u0142ad materia\u0142u: 70% We\u0142na, 30% Akryl Wymiary: Szeroko\u015b\u0107 pod pachami: 48 [&hellip;]\" \/>\n<meta property=\"og:url\" content=\"https:\/\/trisko-butik.pl\/?product=sweter-z-ozdobnymi-kieszeniami-pudrowy-roz\" \/>\n<meta property=\"og:site_name\" content=\"Trisko butik\" \/>\n<meta property=\"og:image\" content=\"https:\/\/trisko-butik.pl\/wp-content\/uploads\/2021\/08\/pol_pl_Sweter-z-ozdobnymi-kieszeniami-pudrowy-roz-16286_6.jpg\" \/>\n\t<meta property=\"og:image:width\" content=\"800\" \/>\n\t<meta property=\"og:image:height\" content=\"1200\" \/>\n\t<meta property=\"og:image:type\" content=\"image\/jpeg\" \/>\n<meta name=\"twitter:card\" content=\"summary_large_image\" \/>\n<meta name=\"twitter:label1\" content=\"Szacowany czas czytania\" \/>\n\t<meta name=\"twitter:data1\" content=\"1 minuta\" \/>\n<script type=\"application\/ld+json\" class=\"yoast-schema-graph\">{\"@context\":\"https:\/\/schema.org\",\"@graph\":[{\"@type\":\"WebPage\",\"@id\":\"https:\/\/trisko-butik.pl\/?product=sweter-z-ozdobnymi-kieszeniami-pudrowy-roz\",\"url\":\"https:\/\/trisko-butik.pl\/?product=sweter-z-ozdobnymi-kieszeniami-pudrowy-roz\",\"name\":\"Sweter z ozdobnymi kieszeniami pudrowy r\u00f3\u017c - Trisko butik\",\"isPartOf\":{\"@id\":\"https:\/\/trisko-butik.pl\/#website\"},\"primaryImageOfPage\":{\"@id\":\"https:\/\/trisko-butik.pl\/?product=sweter-z-ozdobnymi-kieszeniami-pudrowy-roz#primaryimage\"},\"image\":{\"@id\":\"https:\/\/trisko-butik.pl\/?product=sweter-z-ozdobnymi-kieszeniami-pudrowy-roz#primaryimage\"},\"thumbnailUrl\":\"https:\/\/trisko-butik.pl\/wp-content\/uploads\/2021\/08\/pol_pl_Sweter-z-ozdobnymi-kieszeniami-pudrowy-roz-16286_6.jpg\",\"datePublished\":\"2021-08-09T16:18:01+00:00\",\"breadcrumb\":{\"@id\":\"https:\/\/trisko-butik.pl\/?product=sweter-z-ozdobnymi-kieszeniami-pudrowy-roz#breadcrumb\"},\"inLanguage\":\"pl-PL\",\"potentialAction\":[{\"@type\":\"ReadAction\",\"target\":[\"https:\/\/trisko-butik.pl\/?product=sweter-z-ozdobnymi-kieszeniami-pudrowy-roz\"]}]},{\"@type\":\"ImageObject\",\"inLanguage\":\"pl-PL\",\"@id\":\"https:\/\/trisko-butik.pl\/?product=sweter-z-ozdobnymi-kieszeniami-pudrowy-roz#primaryimage\",\"url\":\"https:\/\/trisko-butik.pl\/wp-content\/uploads\/2021\/08\/pol_pl_Sweter-z-ozdobnymi-kieszeniami-pudrowy-roz-16286_6.jpg\",\"contentUrl\":\"https:\/\/trisko-butik.pl\/wp-content\/uploads\/2021\/08\/pol_pl_Sweter-z-ozdobnymi-kieszeniami-pudrowy-roz-16286_6.jpg\",\"width\":800,\"height\":1200},{\"@type\":\"BreadcrumbList\",\"@id\":\"https:\/\/trisko-butik.pl\/?product=sweter-z-ozdobnymi-kieszeniami-pudrowy-roz#breadcrumb\",\"itemListElement\":[{\"@type\":\"ListItem\",\"position\":1,\"name\":\"Sklep\",\"item\":\"https:\/\/trisko-butik.pl\/?page_id=8\"},{\"@type\":\"ListItem\",\"position\":2,\"name\":\"Sweter z ozdobnymi kieszeniami pudrowy r\u00f3\u017c\"}]},{\"@type\":\"WebSite\",\"@id\":\"https:\/\/trisko-butik.pl\/#website\",\"url\":\"https:\/\/trisko-butik.pl\/\",\"name\":\"Trisko butik\",\"description\":\"\",\"publisher\":{\"@id\":\"https:\/\/trisko-butik.pl\/#organization\"},\"potentialAction\":[{\"@type\":\"SearchAction\",\"target\":{\"@type\":\"EntryPoint\",\"urlTemplate\":\"https:\/\/trisko-butik.pl\/?s={search_term_string}\"},\"query-input\":{\"@type\":\"PropertyValueSpecification\",\"valueRequired\":true,\"valueName\":\"search_term_string\"}}],\"inLanguage\":\"pl-PL\"},{\"@type\":\"Organization\",\"@id\":\"https:\/\/trisko-butik.pl\/#organization\",\"name\":\"Trisko butik\",\"url\":\"https:\/\/trisko-butik.pl\/\",\"logo\":{\"@type\":\"ImageObject\",\"inLanguage\":\"pl-PL\",\"@id\":\"https:\/\/trisko-butik.pl\/#\/schema\/logo\/image\/\",\"url\":\"https:\/\/trisko-butik.pl\/wp-content\/uploads\/2021\/07\/Logo-2.png\",\"contentUrl\":\"https:\/\/trisko-butik.pl\/wp-content\/uploads\/2021\/07\/Logo-2.png\",\"width\":328,\"height\":96,\"caption\":\"Trisko butik\"},\"image\":{\"@id\":\"https:\/\/trisko-butik.pl\/#\/schema\/logo\/image\/\"}}]}<\/script>\n<!-- \/ Yoast SEO plugin. -->","yoast_head_json":{"title":"Sweter z ozdobnymi kieszeniami pudrowy r\u00f3\u017c - Trisko butik","robots":{"index":"index","follow":"follow","max-snippet":"max-snippet:-1","max-image-preview":"max-image-preview:large","max-video-preview":"max-video-preview:-1"},"canonical":"https:\/\/trisko-butik.pl\/?product=sweter-z-ozdobnymi-kieszeniami-pudrowy-roz","og_locale":"pl_PL","og_type":"article","og_title":"Sweter z ozdobnymi kieszeniami pudrowy r\u00f3\u017c - Trisko butik","og_description":"Prezentujemy Pa\u0144stwu\u00a0modny sweter. Sweter posiada dwie kieszenie z przodu. Sweter\u00a0zak\u0142adany przez g\u0142ow\u0119. Klasyczny kr\u00f3j idealny do ka\u017cdej stylizacji na zim\u0119. Ciep\u0142y mi\u0142y w dotyku. Sweter wykonany jest z wysokiej jako\u015bci materia\u0142u. Rozmiar jest uniwersalny i b\u0119dzie odpowiedni dla Pa\u0144 w rozmiarze M, L, XL. Sk\u0142ad materia\u0142u: 70% We\u0142na, 30% Akryl Wymiary: Szeroko\u015b\u0107 pod pachami: 48 [&hellip;]","og_url":"https:\/\/trisko-butik.pl\/?product=sweter-z-ozdobnymi-kieszeniami-pudrowy-roz","og_site_name":"Trisko butik","og_image":[{"width":800,"height":1200,"url":"https:\/\/trisko-butik.pl\/wp-content\/uploads\/2021\/08\/pol_pl_Sweter-z-ozdobnymi-kieszeniami-pudrowy-roz-16286_6.jpg","type":"image\/jpeg"}],"twitter_card":"summary_large_image","twitter_misc":{"Szacowany czas czytania":"1 minuta"},"schema":{"@context":"https:\/\/schema.org","@graph":[{"@type":"WebPage","@id":"https:\/\/trisko-butik.pl\/?product=sweter-z-ozdobnymi-kieszeniami-pudrowy-roz","url":"https:\/\/trisko-butik.pl\/?product=sweter-z-ozdobnymi-kieszeniami-pudrowy-roz","name":"Sweter z ozdobnymi kieszeniami pudrowy r\u00f3\u017c - Trisko butik","isPartOf":{"@id":"https:\/\/trisko-butik.pl\/#website"},"primaryImageOfPage":{"@id":"https:\/\/trisko-butik.pl\/?product=sweter-z-ozdobnymi-kieszeniami-pudrowy-roz#primaryimage"},"image":{"@id":"https:\/\/trisko-butik.pl\/?product=sweter-z-ozdobnymi-kieszeniami-pudrowy-roz#primaryimage"},"thumbnailUrl":"https:\/\/trisko-butik.pl\/wp-content\/uploads\/2021\/08\/pol_pl_Sweter-z-ozdobnymi-kieszeniami-pudrowy-roz-16286_6.jpg","datePublished":"2021-08-09T16:18:01+00:00","breadcrumb":{"@id":"https:\/\/trisko-butik.pl\/?product=sweter-z-ozdobnymi-kieszeniami-pudrowy-roz#breadcrumb"},"inLanguage":"pl-PL","potentialAction":[{"@type":"ReadAction","target":["https:\/\/trisko-butik.pl\/?product=sweter-z-ozdobnymi-kieszeniami-pudrowy-roz"]}]},{"@type":"ImageObject","inLanguage":"pl-PL","@id":"https:\/\/trisko-butik.pl\/?product=sweter-z-ozdobnymi-kieszeniami-pudrowy-roz#primaryimage","url":"https:\/\/trisko-butik.pl\/wp-content\/uploads\/2021\/08\/pol_pl_Sweter-z-ozdobnymi-kieszeniami-pudrowy-roz-16286_6.jpg","contentUrl":"https:\/\/trisko-butik.pl\/wp-content\/uploads\/2021\/08\/pol_pl_Sweter-z-ozdobnymi-kieszeniami-pudrowy-roz-16286_6.jpg","width":800,"height":1200},{"@type":"BreadcrumbList","@id":"https:\/\/trisko-butik.pl\/?product=sweter-z-ozdobnymi-kieszeniami-pudrowy-roz#breadcrumb","itemListElement":[{"@type":"ListItem","position":1,"name":"Sklep","item":"https:\/\/trisko-butik.pl\/?page_id=8"},{"@type":"ListItem","position":2,"name":"Sweter z ozdobnymi kieszeniami pudrowy r\u00f3\u017c"}]},{"@type":"WebSite","@id":"https:\/\/trisko-butik.pl\/#website","url":"https:\/\/trisko-butik.pl\/","name":"Trisko butik","description":"","publisher":{"@id":"https:\/\/trisko-butik.pl\/#organization"},"potentialAction":[{"@type":"SearchAction","target":{"@type":"EntryPoint","urlTemplate":"https:\/\/trisko-butik.pl\/?s={search_term_string}"},"query-input":{"@type":"PropertyValueSpecification","valueRequired":true,"valueName":"search_term_string"}}],"inLanguage":"pl-PL"},{"@type":"Organization","@id":"https:\/\/trisko-butik.pl\/#organization","name":"Trisko butik","url":"https:\/\/trisko-butik.pl\/","logo":{"@type":"ImageObject","inLanguage":"pl-PL","@id":"https:\/\/trisko-butik.pl\/#\/schema\/logo\/image\/","url":"https:\/\/trisko-butik.pl\/wp-content\/uploads\/2021\/07\/Logo-2.png","contentUrl":"https:\/\/trisko-butik.pl\/wp-content\/uploads\/2021\/07\/Logo-2.png","width":328,"height":96,"caption":"Trisko butik"},"image":{"@id":"https:\/\/trisko-butik.pl\/#\/schema\/logo\/image\/"}}]}},"_links":{"self":[{"href":"https:\/\/trisko-butik.pl\/index.php?rest_route=\/wp\/v2\/product\/385","targetHints":{"allow":["GET"]}}],"collection":[{"href":"https:\/\/trisko-butik.pl\/index.php?rest_route=\/wp\/v2\/product"}],"about":[{"href":"https:\/\/trisko-butik.pl\/index.php?rest_route=\/wp\/v2\/types\/product"}],"wp:featuredmedia":[{"embeddable":true,"href":"https:\/\/trisko-butik.pl\/index.php?rest_route=\/wp\/v2\/media\/386"}],"wp:attachment":[{"href":"https:\/\/trisko-butik.pl\/index.php?rest_route=%2Fwp%2Fv2%2Fmedia&parent=385"}],"wp:term":[{"taxonomy":"product_brand","embeddable":true,"href":"https:\/\/trisko-butik.pl\/index.php?rest_route=%2Fwp%2Fv2%2Fproduct_brand&post=385"},{"taxonomy":"product_cat","embeddable":true,"href":"https:\/\/trisko-butik.pl\/index.php?rest_route=%2Fwp%2Fv2%2Fproduct_cat&post=385"},{"taxonomy":"product_tag","embeddable":true,"href":"https:\/\/trisko-butik.pl\/index.php?rest_route=%2Fwp%2Fv2%2Fproduct_tag&post=385"}],"curies":[{"name":"wp","href":"https:\/\/api.w.org\/{rel}","templated":true}]}}